tors of -3 - 2*(-9)/12*62?
2, 3, 5
Let k(v) = v**3 + 4*v**2 - 2. Let g be k(-3). Let l = 7 + g. Suppose -h + 2*f + l = 0, -3*h - 4*f + f = -15. List the prime factors of h.
2
Suppose 2*i - 3 = 7. Suppose g - 2 = -0*g + 3*k, -i = -k. List the prime factors of g.
17
Suppose 5*b - 9*b = -292. Let g = b - -2. Suppose -2*n + g = 3*n. List the prime factors of n.
3, 5
Let x be 2 + (41/1)/(-1). Let l = -79 - x. What are the prime factors of 14/4*l/(-14)?
2, 5
Let h(p) = p - 2*p**2 + 10*p**2 + 0*p**2. Suppose 0 = 4*l - 2*l + 2. List the prime factors of h(l).
7
What are the prime factors of 4/(-8)*(0 - 122)?
61
Let a = 35 + 19. What are the prime factors of a?
2, 3
Suppose 8*b + 54 = 9*b. What are the prime factors of b?
2, 3
Let a(l) be the third derivative of l**5/60 + l**4/24 + l**3/3 - 2*l**2. Let g = -12 + 8. What are the prime factors of a(g)?
2, 7
Let k = 47 + 26. What are the prime factors of k?
73
List the prime factors of 2*1 - (30/6 + -22).
19
Suppose 8*j - 1330 - 430 = 0. List the prime factors of j.
2, 5, 11
Suppose -2*d - d + 5*o = -81, -2*d - 5*o = -29. List the prime factors of d.
2, 11
Suppose 10 = 4*z + z. Let m = 17 - 1. Suppose 2*p - m = -z*p. List the prime factors of p.
2
Let t(q) = q**3 + 7*q**2 + 4. Suppose -4*j + 30 = -9*j. List the prime factors of t(j).
2, 5
Suppose m + 3*q + 0*q = 61, -2*q + 2 = 0. List the prime factors of m.
2, 29
Let s(i) = i**3 + 8*i**2 + 5. Let b(q) = 2*q**3 + 15*q**2 + 9. Let x(h) = 3*b(h) - 5*s(h). List the prime factors of x(-5).
2
Suppose 0 = -y - 21 + 212. What are the prime factors of y?
191
List the prime factors of -9*(33/9 + -4).
3
Let b(t) = 2*t**2 + 9*t + 3. Suppose -o - 2 = 0, -5*o - 51 + 13 = 4*h. What are the prime factors of b(h)?
2, 19
Let a be ((-6)/(-9))/(1/3). Suppose 3*d - 107 + 16 = -2*v, 0 = a*d - 6. List the prime factors of v.
41
Let k(b) = b - 2. Let m be k(-5). Let u be (0 + (-4)/14)*m. List the prime factors of 1/u - (-27)/6.
5
Suppose -5*n + 4*v = -21, 5*v = -3*n + 4*v + 16. Suppose 5*w = -n*o - 10, -2*o + 6*o - 4*w + 24 = 0. List the prime factors of -2 - (2 + o)*4.
2, 3
Let b be (-826)/(-4) - (-3)/(-2). Suppose 5*o = -60 + b. What are the prime factors of o?
29
Let d be (0 + 1/(-1))/(-1). Let v = -1 + 6. Suppose -v*a + d = -9. What are the prime factors of a?
2
Suppose 7 = 5*v - 3. Suppose -v*l + 4 = -0*l. What are the prime factors of l?
2
Suppose -5*g + 539 = 3*z, -z + 11 = -2*g - 165. List the prime factors of z.
2, 89
Let w(l) = 2*l - 3. Let r be w(4). Suppose r*a - 10*a = -35. List the prime factors of a.
7
Let j(i) = -i**3 + 5*i**2 - 6*i + 5. Let g be j(4). Let m(u) = -u + 3. Let s be m(g). What are the prime factors of s/9 - 13/(-3)?
5
Suppose -3*b + 174 = 15. Let u = -16 + 16. Suppose -q + b = 5*s, u = s - 3*s - 5*q + 12. What are the prime factors of s?
11
Let o = 129 - 77. List the prime factors of o.
2, 13
Let x be (1 + 0)/1*-1. What are the prime factors of (8 - 3) + (x - -3)?
7
Let q(n) = n**2 + 3*n + 2. Let z be q(-2). Let y(x) = x**3 - x**2 - x + 24. Let d be y(z). Suppose -2*g + d = 2*g. What are the prime factors of g?
2, 3
Let j = -283 - -456. What are the prime factors of j?
173
Let l(m) = m - 3 + 3 - 3 + 4. What are the prime factors of l(1)?
2
Let i(q) = 2*q**2 - 3*q + 1. Let c be -4*(-2 - (-15)/12). List the prime factors of i(c).
2, 5
Let b(p) = p**3 + 5*p**2 + 2*p - 5. Let h be b(-4). Let y(j) = 2*j - 2. Let g be y(h). What are the prime factors of 8/16*9*g?
2, 3
Suppose 5*u - 1142 = -112. List the prime factors of u.
2, 103
Let q(p) = -p**3 + 10*p**2 + 6*p + 8. What are the prime factors of q(9)?
11, 13
Suppose 19 = -v + 2*d - d, -4*d = 4*v + 108. Let r(o) = -o**3 - 10*o**2 + 4*o + 5. Let f be r(-10). Let k = v - f. What are the prime factors of k?
2, 3
Let f(c) = 5*c - 41. Let o(r) = r - 8. Let u(v) = -4*f(v) + 22*o(v). Let y be u(8). Suppose y*i + i = 35. What are the prime factors of i?
7
Let q(y) = -y - 6. List the prime factors of q(-21).
3, 5
Suppose -4*j + 3 = -13. Let l(k) = -k - 2. Let r(m) = 2*m + 3. Let u(y) = 10*l(y) + 6*r(y). What are the prime factors of u(j)?
2, 3
Suppose -4*t = -3*g + 5 + 6, -g = 4*t - 9. Suppose 24 = n + g. Let w = 27 - n. What are the prime factors of w?
2
Let d be ((-68)/10)/((-1)/(-5)). Let b = d + 54. Let l = b + -13. What are the prime factors of l?
7
Let s(h) = 4*h**2 + 4*h - 5. Let b be ((-20)/15)/(3/9). What are the prime factors of s(b)?
43
Suppose 0*d - d = 0. Suppose 4*y - 18 = 2*r, d*r = 4*y + 5*r - 53. List the prime factors of y.
7
List the prime factors of (-84)/(-6 - -2) + -3.
2, 3
Suppose 5*w = s + 3*s + 21, 2*s + 7 = -w. Let n = -1 - -2. Let t = n + w. What are the prime factors of t?
2
Let k(v) = v**2 - 3*v - 1. Let a be k(4). Suppose a*s = -0 + 9. Suppose 3*b + 17 = 4*y, s*y - 7*b + 3*b = 11. List the prime factors of y.
5
Suppose -3*w + w = -94. Let y = w - 34. List the prime factors of y.
13
Let f(c) be the second derivative of 17*c**5/60 - c**3/6 + 2*c**2 + 2*c. Let w(z) be the first derivative of f(z). List the prime factors of w(1).
2
Let t = -4 + 4. Let m be 1/3*t - 1. List the prime factors of m/(104/(-34) + 3).
17
Suppose 14*x - 18*x = -24. Suppose -o - 1 + x = 0. List the prime factors of o.
5
Let n(d) = -5*d**3 + 2*d**2 - 1. Let f(u) = u + 3. Let a be f(-3). Let i = a - 1. What are the prime factors of n(i)?
2, 3
Suppose -4*w + 62 = -s - 30, 5*w - 2*s - 112 = 0. List the prime factors of w.
2, 3
Let y be 4/(3*1/69). Suppose -y + 12 = -5*s. Suppose o - 16 = 2*o + 5*d, 3*d = o - s. What are the prime factors of o?
2
Let g(v) = -v**3 - 4*v**2 + 3*v + 7. Let s be g(-6). Let c = s - 42. What are the prime factors of c?
19
Let t be ((-70)/(-21))/((-4)/(-6)). Suppose t = i - 15. List the prime factors of i.
2, 5
Suppose v = 2*p + 14, 12 + 18 = 3*v - 2*p. Suppose -v = -4*l + 2*l. Suppose -2*j - 14 = -4*u, l*u + 2*j - 15 = 3*j. List the prime factors of u.
2
List the prime factors of (-97)/(-5) + (-3)/(-5).
2, 5
Suppose -4*g + 3*g = 2*a + 58, 5*a - 30 = g. Let x be g/(-8) - 1/4. Suppose x = 3*q, 0*q = -4*l + 5*q + 14. List the prime factors of l.
2, 3
Let o(a) = 7*a - 6. What are the prime factors of o(5)?
29
Let z be (8/(-3))/(8/(-12)). Suppose -2*w + z = 0, -86 = m - 5*m - 3*w. List the prime factors of m.
2, 5
Suppose -1800 = -4*n - 11*n. List the prime factors of n.
2, 3, 5
Let b(a) be the third derivative of a**5/60 + a**4/6 - a**3/2 + 7*a**2. Suppose -4*o - o - 3 = 3*r, 0 = -4*r - o - 21. List the prime factors of b(r).
3
Let r = -15 + 30. Let d = r + -6. What are the prime factors of d?
3
Suppose 44 = 2*u - 6*u. Let s = -6 - u. Suppose s*h = 1 + 59. What are the prime factors of h?
2, 3
Let s(t) = -6*t**2 - 4*t + 1. Let l be s(3). Let w = 98 + l. What are the prime factors of w*(5/3)/5?
11
Let b be (3/1)/3 - -3. Suppose 2*f = 3*f - b. List the prime factors of f.
2
Let h = 10 + -7. Let y(s) = -4*s + s**2 - 10 - h*s + 0. List the prime factors of y(9).
2
Let n = 13 + 70. What are the prime factors of n?
83
Let d be 2 + 3/3 - -1. Suppose 3*j + 2*a = -0 - 10, -a - d = j. List the prime factors of j/(-10) - 28/(-10).
3
Let n = 64 - -16. List the prime factors of n.
2, 5
Let y(f) = 2*f - 2. Let d(x) = x + 0*x + 11 + 0*x. Let o be d(-8). What are the prime factors of y(o)?
2
Suppose -4*u = -r + 165, -3*u + 170 = -7*u + 2*r. Let g = -12 - u. Suppose 0 = -4*w + 76 - g. What are the prime factors of w?
2, 3
What are the prime factors of 1/((-4)/(-72)) - 1?
17
Suppose -p - 5 = -3*q, 5*q + 4 = -1. Suppose 0 = 4*l + 6 + 38. Let g = p - l. What are the prime factors of g?
3
Let p(x) = -5 - 2*x + x - x. Let t be p(-5). Suppose -t*f = -0*f - 40. What are the prime factors of f?
2
Let f(g) be the second derivative of g**3/6 + 13*g**2/2 - g. Let u be f(-9). Suppose -2*l = -4*l - 5*a + 54, u*a - 16 = 0. What are the prime factors of l?
17
Let f be (-6)/(-4) - (-6)/4. Suppose -3*x - j + 3*j = -89, f*x + j - 86 = 0. List the prime factors of x.
29
Let y be (-1)/((9/57)/3). Let u = 32 + y. What are the prime factors of u?
13
Suppose -3*i + 6 + 60 = 0. Let f = -8 + i. List the prime factors of f.
2, 7
Let n be (-2)/(-4) + (-9)/6. What are the prime factors of 3 + 0 + 1/n?
2
Let c = -4 + 7. Suppose c*b = 2*b. Suppose 5*x - 20 = b, 0*s = -2*s + 5*x - 6. What are the prime factors of s?
7
Suppose -5*f + 7 +